Calculate the greatest common factor of 18 and 984.
6
Calculate the greatest common factor of 234 and 30576.
78
What is the highest common divisor of 55 and 2145?
55
What is the highest common factor of 33340 and 20?
20
What is the highest common divisor of 682 and 186?
62
Calculate the highest common divisor of 25 and 2675.
25
What is the greatest common divisor of 245 and 1085?
35
What is the greatest common factor of 7061 and 92?
23
Calculate the highest common divisor of 1200 and 75.
75
What is the greatest common factor of 1184 and 32?
32
Calculate the highest common factor of 1073 and 464.
29
Calculate the highest common divisor of 27 and 9081.
9
Calculate the greatest common factor of 48 and 312.
24
Calculate the highest common factor of 6165 and 90.
45
What is the greatest common divisor of 104 and 364?
52
What is the greatest common divisor of 213 and 1775?
71
Calculate the greatest common factor of 7562 and 190.
38
What is the highest common divisor of 28957 and 23?
23
Calculate the highest common divisor of 1295 and 315.
35
What is the highest common factor of 2783 and 121?
121
Calculate the highest common divisor of 614 and 2.
2
Calculate the highest common divisor of 335 and 201.
67
What is the highest common factor of 261 and 1363?
29
Calculate the greatest common divisor of 35 and 10.
5
Calculate the highest common factor of 219 and 803.
73
What is the highest common divisor of 1701 and 21?
21
Calculate the greatest common factor of 92 and 391.
23
What is the highest common divisor of 65 and 39?
13
What is the highest common divisor of 704 and 44?
44
Calculate the greatest common factor of 225 and 375.
75
Calculate the highest common factor of 3 and 262.
1
Calculate the highest common factor of 450 and 18225.
225
Calculate the highest common divisor of 650 and 2548.
26
What is the highest common divisor of 1312 and 41?
41
What is the highest common factor of 2704 and 507?
169
Calculate the greatest common divisor of 377 and 899.
29
Calculate the highest common factor of 198 and 17622.
198
What is the highest common factor of 176 and 66?
22
Calculate the greatest common divisor of 121 and 297.
11
Calculate the highest common factor of 58 and 7946.
58
Calculate the highest common factor of 795 and 14045.
265
What is the greatest common divisor of 2160 and 135?
135
What is the highest common divisor of 7 and 1610?
7
Calculate the highest common factor of 129 and 6.
3
What is the highest common divisor of 357 and 231?
21
What is the highest common factor of 39 and 7423?
13
Calculate the highest common divisor of 858 and 39.
39
What is the highest common factor of 25 and 9325?
25
Calculate the highest common divisor of 945 and 693.
63
Calculate the greatest common factor of 231 and 21.
21
What is the highest common factor of 2004 and 36?
12
What is the greatest common divisor of 2772 and 180?
36
What is the highest common divisor of 2 and 158?
2
Calculate the highest common divisor of 3696 and 1408.
176
Calculate the greatest common factor of 13 and 8.
1
Calculate the greatest common divisor of 20 and 2072.
4
Calculate the highest common divisor of 21 and 3318.
21
Calculate the highest common factor of 324 and 28.
4
Calculate the greatest common divisor of 340 and 1955.
85
Calculate the highest common factor of 10 and 9120.
10
Calculate the highest common factor of 20 and 12.
4
What is the greatest common factor of 11 and 88?
11
Calculate the highest common factor of 80 and 3408.
16
Calculate the greatest common factor of 32 and 928.
32
Calculate the highest common factor of 992 and 868.
124
What is the greatest common factor of 8110 and 50?
10
Calculate the greatest common factor of 160 and 288.
32
Calculate the highest common factor of 58 and 2.
2
Calculate the highest common factor of 128 and 304.
16
What is the greatest common factor of 704 and 33?
11
What is the greatest common divisor of 575 and 46?
23
What is the greatest common divisor of 5270 and 124?
62
Calculate the highest common divisor of 549 and 2.
1
Calculate the greatest common divisor of 608 and 3724.
76
Calculate the greatest common factor of 16 and 56.
8
Calculate the greatest common factor of 24 and 756.
12
What is the greatest common factor of 23 and 13823?
23
Calculate the greatest common divisor of 1350 and 50.
50
Calculate the highest common divisor of 340 and 220.
20
Calculate the highest common divisor of 266 and 5206.
38
What is the highest common factor of 156 and 208?
52
Calculate the greatest common divisor of 105 and 150.
15
Calculate the greatest common divisor of 7 and 9667.
7
Calculate the highest common factor of 14 and 238.
14
Calculate the highest common divisor of 3987 and 27.
9
Calculate the greatest common divisor of 858 and 11.
11
What is the highest common factor of 245 and 210?
35
What is the highest common factor of 462 and 2442?
66
Calculate the greatest common divisor of 3470 and 10.
10
What is the highest common factor of 2929 and 1313?
101
What is the greatest common factor of 1798 and 29?
29
Calculate the highest common factor of 130 and 70.
10
Calculate the highest common factor of 207 and 161.
23
Calculate the greatest common divisor of 1937 and 26.
13
What is the highest common divisor of 170 and 390?
10
Calculate the highest common divisor of 40 and 170.
10
Calculate the greatest common divisor of 132 and 946.
22
What is the highest common factor of 10706 and 106?
106
Calculate the highest common factor of 16632 and 2016.
504
What is the highest common divisor of 1441 and 4454?
131
What is the greatest common divisor of 40 and 8545?
5
What is the greatest common divisor of 70 and 80?
10
Calculate the highest common divisor of 5328 and 16.
16
What is the highest common divisor of 15 and 2435?
5
Calculate the greatest common factor of 60 and 8020.
20
Calculate the highest common divisor of 5240 and 8.
8
What is the greatest common divisor of 4 and 188?
4
What is the highest common factor of 435 and 450?
15
Calculate the highest common divisor of 110 and 44.
22
What is the highest common divisor of 60 and 10440?
60
Calculate the highest common divisor of 96 and 264.
24
Calculate the greatest common factor of 10907 and 13.
13
Calculate the highest common factor of 33 and 88.
11
Calculate the greatest common divisor of 81 and 144.
9
What is the highest common factor of 140 and 20?
20
What is the greatest common divisor of 39 and 104?
13
What is the greatest common divisor of 12 and 12368?
4
Calculate the greatest common factor of 83 and 1162.
83
What is the highest common factor of 14 and 2142?
14
Calculate the greatest common divisor of 51 and 289.
17
What is the greatest common divisor of 5 and 1685?
5
Calculate the greatest common divisor of 7514 and 104.
26
What is the highest common factor of 2982 and 70?
14
Calculate the highest common factor of 2560 and 928.
32
Calculate the greatest common factor of 506 and 115.
23
What is the greatest common factor of 64 and 2792?
8
Calculate the highest common factor of 87 and 899.
29
Calculate the greatest common factor of 19 and 23332.
19
Calculate the greatest common factor of 24 and 780.
12
Calculate the highest common divisor of 1910 and 10.
10
What is the greatest common divisor of 112 and 464?
16
Calculate the highest common factor of 32 and 864.
32
Calculate the highest common divisor of 110 and 253.
11
Calculate the highest common factor of 6031 and 163.
163
Calculate the greatest common divisor of 17 and 14501.
17
What is the highest common divisor of 21 and 91?
7
Calculate the highest common factor of 294 and 4032.
42
Calculate the highest common factor of 13609 and 3951.
439
What is the greatest common divisor of 759 and 198?
33
Calculate the greatest common factor of 2623 and 122.
61
Calculate the highest common divisor of 74 and 592.
74
What is the highest common factor of 4460 and 80?
20
Calculate the highest common divisor of 135 and 30.
15
Calculate the highest common divisor of 2369 and 644.
23
Calculate the greatest common divisor of 108 and 3132.
108
What is the highest common divisor of 2775 and 111?
111
What is the greatest common factor of 1261 and 13?
13
What is the greatest common divisor of 2410 and 30?
10
Calculate the greatest common factor of 490 and 10.
10
C